{"id":147,"date":"2024-10-22T18:33:58","date_gmt":"2024-10-22T18:33:58","guid":{"rendered":"https:\/\/mondrisports.com.br\/wordpress\/?page_id=147"},"modified":"2024-10-24T17:54:16","modified_gmt":"2024-10-24T17:54:16","slug":"duvidas-frequentes","status":"publish","type":"page","link":"https:\/\/mondrisports.com.br\/home\/duvidas-frequentes\/","title":{"rendered":"D\u00favidas Frequentes"},"content":{"rendered":"\n<h2 class=\"wp-block-heading has-ast-global-color-8-color has-text-color has-link-color wp-elements-3935a63026189f158d684b1da82e2934\"><strong>D\u00favidas frequentes s\u00e3o:<\/strong><\/h2>\n\n\n\n<p class=\"has-ast-global-color-8-color has-text-color has-link-color wp-elements-24755db6c87f56053de6c7ee3299fcb7\"><strong>D\u00favida frequentes s\u00e3o sobre;<\/strong> <strong>os produtos da loja s\u00e3o exclusivos?<\/strong><\/p>\n\n\n\n<p class=\"has-ast-global-color-8-color has-text-color has-link-color wp-elements-0a249a4dbca12862251d70fa6bf5f1ef\">Sim, todas as pe\u00e7as oferecidas em nossa loja s\u00e3o exclusivas.<\/p>\n\n\n\n<h3 class=\"wp-block-heading has-ast-global-color-8-color has-text-color has-link-color wp-elements-e00a1d90d40df24a07719e6237f95294\"><strong>O site da Loja \u00e9 seguro?<\/strong><\/h3>\n\n\n\n<p class=\"has-ast-global-color-8-color has-text-color has-link-color wp-elements-ead886a2fd67e7831063565d4314583c\">Sim, garantimos a prote\u00e7\u00e3o dos nossos usu\u00e1rios. <strong>Primeiramente<\/strong>, n\u00e3o armazenamos informa\u00e7\u00f5es de pagamento em nossa loja. <strong>Al\u00e9m disso<\/strong>, realizamos toda a opera\u00e7\u00e3o de pagamento em um ambiente seguro, utilizando um gateway de pagamento e\/ou intermediador de pagamento qualificado, que atende a todos os requisitos de seguran\u00e7a necess\u00e1rios. <strong>Por fim<\/strong>, armazenamos os dados dos clientes, como nome, e-mail e outras informa\u00e7\u00f5es pessoais, sem compartilh\u00e1-los. Para mais informa\u00e7\u00f5es, consulte o menu \u201cSeguran\u00e7a e Privacidade\u201d.<\/p>\n\n\n\n<h3 class=\"wp-block-heading has-ast-global-color-8-color has-text-color has-link-color wp-elements-e4409af9bf2682d74b0b9a050ed6970c\">D\u00favida de q<strong>ual a diferen\u00e7a entre os Servi\u00e7os de Frete?<\/strong><\/h3>\n\n\n\n<p class=\"has-ast-global-color-8-color has-text-color has-link-color wp-elements-e7af82c134425ba56aae3555dc4d6b9f\">Voc\u00ea pode simular as op\u00e7\u00f5es de frete quando estiver na tela Carrinho de Compras. <strong>Basta<\/strong> preencher o campo CEP, escolher o servi\u00e7o de entrega e clicar em &#8220;Simular Frete&#8221;. <strong>Dessa forma<\/strong>, voc\u00ea conseguir\u00e1 prever o prazo de entrega e o valor do frete antes de finalizar a compra.<\/p>\n\n\n\n<h3 class=\"wp-block-heading has-ast-global-color-8-color has-text-color has-link-color wp-elements-3deced02d08513b91f838347458105c9\"><strong>Em quanto tempo eu recebo meu pedido?<\/strong><\/h3>\n\n\n\n<p class=\"has-ast-global-color-8-color has-text-color has-link-color wp-elements-7d15280cc894a80dbfd55113a8faef43\">O prazo para entrega varia de acordo com o local solicitado, a forma de pagamento escolhida, a disponibilidade do produto adquirido e a forma de envio. <strong>Portanto<\/strong>, \u00e9 importante verificar essas condi\u00e7\u00f5es ao realizar a compra.<\/p>\n\n\n\n<h3 class=\"wp-block-heading has-ast-global-color-8-color has-text-color has-link-color wp-elements-32294a2a59d8576e724b0352b83ca29c\"><strong>\u00c9 poss\u00edvel comprar no site e retirar na Loja f\u00edsica?<\/strong><\/h3>\n\n\n\n<p class=\"has-ast-global-color-8-color has-text-color has-link-color wp-elements-b2a843d1019ec6de8625bc32caf24fcf\">Sim, \u00e9 poss\u00edvel escolher o produto no site e optar pela retirada na loja f\u00edsica, conforme o tempo de confec\u00e7\u00e3o. Dessa maneira, voc\u00ea pode evitar o custo de frete e retirar seu pedido diretamente.<\/p>\n\n\n\n<h3 class=\"wp-block-heading has-ast-global-color-8-color has-text-color has-link-color wp-elements-45b9b8168b4cd2d2f42ba15bb55646c1\"><strong>\u00c9 poss\u00edvel comprar no site e trocar na Loja f\u00edsica?<\/strong><\/h3>\n\n\n\n<p class=\"has-ast-global-color-8-color has-text-color has-link-color wp-elements-171db61132aaa9d9da9bdefee4c1bb09\">Sim, todas as trocas podem ser realizadas na loja f\u00edsica.<\/p>\n\n\n\n<p class=\"has-ast-global-color-8-color has-text-color has-link-color wp-elements-702dd22fd689f839ace73296fac78e8f\"><strong>D\u00favida de como funciona o Cupom de Desconto?<\/strong><\/p>\n\n\n\n<p class=\"has-ast-global-color-8-color has-text-color has-link-color wp-elements-b13709b04623e8565c64398d22ac933b\">O cupom de desconto \u00e9 uma ferramenta promocional ativada somente quando o site oferece uma promo\u00e7\u00e3o especial.<\/p>\n\n\n\n<p class=\"has-ast-global-color-8-color has-text-color has-link-color wp-elements-e6b013f3593024d8f1cea8297784d92d\"><strong>Como Imprimir o Boleto?<\/strong><\/p>\n\n\n\n<p class=\"has-ast-global-color-8-color has-text-color has-link-color wp-elements-fd884a83c5b58ec5de3790f009c051b2\">O boleto \u00e9 gerado automaticamente ao efetuar o pedido, escolhendo a op\u00e7\u00e3o \u201cImprimir Boleto\u201d. Se voc\u00ea n\u00e3o conseguir imprimir o boleto no ato da compra, verifique na caixa de entrada do seu e-mail a c\u00f3pia do pedido e a op\u00e7\u00e3o de &#8220;Imprimir Boleto&#8221;. Caso tenha d\u00favidas, voc\u00ea pode solicitar por e-mail ou copiar o c\u00f3digo de barras para efetuar o pagamento do boleto banc\u00e1rio.<\/p>\n\n\n\n<p class=\"has-ast-global-color-8-color has-text-color has-link-color wp-elements-fc89054e7ca61c800e563858d876c0c8\"><strong>O Boleto j\u00e1 foi pago, mas meu pedido ainda n\u00e3o foi liberado.<\/strong><\/p>\n\n\n\n<p class=\"has-ast-global-color-8-color has-text-color has-link-color wp-elements-7db294541ec27588d9349c86ac4e7c54\">A libera\u00e7\u00e3o do pagamento do boleto pode ocorrer at\u00e9 48 horas ap\u00f3s a quita\u00e7\u00e3o. Portanto, aguarde a confirma\u00e7\u00e3o autom\u00e1tica por e-mail. Se ainda houver problemas, entre em contato com nosso suporte.<\/p>\n\n\n\n<p class=\"has-ast-global-color-8-color has-text-color has-link-color wp-elements-9d4e59fd6d76ce4ad232abcf1b78531f\"><strong>Meu pedido j\u00e1 deveria ter chegado! Como proceder?<\/strong><\/p>\n\n\n\n<p class=\"has-ast-global-color-8-color has-text-color has-link-color wp-elements-e00995cd200aeb0206252536b6f831ee\">Se voc\u00ea ainda n\u00e3o recebeu seu pedido, consulte seu hist\u00f3rico atrav\u00e9s da op\u00e7\u00e3o \u201cMeus Pedidos\u201d, localizada no menu \u201cMinha Conta\u201d (\u00edcone de pessoa no topo \u00e0 direita do site). Para visualizar este menu, fa\u00e7a seu login e verifique as informa\u00e7\u00f5es atualizadas sobre o seu pedido. Caso as informa\u00e7\u00f5es n\u00e3o sejam suficientes, entre em contato pelo e-mail.<\/p>\n\n\n\n<p class=\"has-ast-global-color-8-color has-text-color has-link-color wp-elements-aaa3af7105f6041b5ff9390a1c117660\">D\u00favidas frequentes<\/p>\n\n\n\n<p class=\"has-ast-global-color-8-color has-text-color has-link-color wp-elements-0e21d9235fdd726e995ae4e20735f379\">Quem somos? Clique <a href=\"https:\/\/mondrisports.com.br\/wordpress\/index.php\/sobre-nos\/\">aqui<\/a><\/p>\n\n\n\n<figure class=\"wp-block-gallery has-nested-images columns-default is-cropped wp-block-gallery-1 is-layout-flex wp-block-gallery-is-layout-flex\">\n<figure class=\"wp-block-image size-large\"><img loading=\"lazy\" decoding=\"async\" width=\"810\" height=\"984\" data-id=\"134\" src=\"https:\/\/mondrisports.com.br\/wordpress\/wp-content\/uploads\/2024\/10\/mondri-sports-38.jpg\" alt=\"\" class=\"wp-image-134\" srcset=\"https:\/\/mondrisports.com.br\/home\/wp-content\/uploads\/2024\/10\/mondri-sports-38.jpg 810w, https:\/\/mondrisports.com.br\/home\/wp-content\/uploads\/2024\/10\/mondri-sports-38-247x300.jpg 247w, https:\/\/mondrisports.com.br\/home\/wp-content\/uploads\/2024\/10\/mondri-sports-38-768x933.jpg 768w\" sizes=\"auto, (max-width: 810px) 100vw, 810px\" \/><figcaption class=\"wp-element-caption\">Camiseta Personalizada<\/figcaption><\/figure>\n\n\n\n<figure class=\"wp-block-image size-large\"><img loading=\"lazy\" decoding=\"async\" width=\"788\" height=\"932\" data-id=\"109\" src=\"https:\/\/mondrisports.com.br\/wordpress\/wp-content\/uploads\/2024\/10\/mondri-sports-20.jpg\" alt=\"\" class=\"wp-image-109\" srcset=\"https:\/\/mondrisports.com.br\/home\/wp-content\/uploads\/2024\/10\/mondri-sports-20.jpg 788w, https:\/\/mondrisports.com.br\/home\/wp-content\/uploads\/2024\/10\/mondri-sports-20-254x300.jpg 254w, https:\/\/mondrisports.com.br\/home\/wp-content\/uploads\/2024\/10\/mondri-sports-20-768x908.jpg 768w\" sizes=\"auto, (max-width: 788px) 100vw, 788px\" \/><figcaption class=\"wp-element-caption\">Uniforme Esportivo personalizado<\/figcaption><\/figure>\n\n\n\n<figure class=\"wp-block-image size-large\"><img loading=\"lazy\" decoding=\"async\" width=\"795\" height=\"1024\" data-id=\"101\" src=\"https:\/\/mondrisports.com.br\/wordpress\/wp-content\/uploads\/2024\/10\/mondri-sports-31-795x1024.jpg\" alt=\"\" class=\"wp-image-101\" srcset=\"https:\/\/mondrisports.com.br\/home\/wp-content\/uploads\/2024\/10\/mondri-sports-31-795x1024.jpg 795w, https:\/\/mondrisports.com.br\/home\/wp-content\/uploads\/2024\/10\/mondri-sports-31-233x300.jpg 233w, https:\/\/mondrisports.com.br\/home\/wp-content\/uploads\/2024\/10\/mondri-sports-31-768x989.jpg 768w, https:\/\/mondrisports.com.br\/home\/wp-content\/uploads\/2024\/10\/mondri-sports-31.jpg 839w\" sizes=\"auto, (max-width: 795px) 100vw, 795px\" \/><figcaption class=\"wp-element-caption\">Uniforme esportivo<\/figcaption><\/figure>\n<\/figure>\n\n\n\n<p><\/p>\n\n\n\n<p class=\"has-ast-global-color-8-color has-text-color has-link-color wp-elements-d4613aa0c0185c33681223f4ad00c1c0\">Quer ver mais nossos produtos? Acesse nossa p\u00e1gina <a href=\"https:\/\/mondrisports.com.br\/wordpress\/index.php\/nossos-produtos\/\">Nossos Produtos<\/a><\/p>\n\n\n\n<p class=\"has-ast-global-color-8-color has-text-color has-link-color wp-elements-0e21d9235fdd726e995ae4e20735f379\">Quem somos? Clique <a href=\"https:\/\/mondrisports.com.br\/wordpress\/index.php\/sobre-nos\/\">aqui<\/a><\/p>\n\n\n\n<p class=\"has-ast-global-color-8-color has-text-color has-link-color wp-elements-1e9402050f8ef54b2abe244b32cc141d\">Fale conosco pelo <a href=\"http:\/\/wa.me\/554133326052\">WhatsApp<\/a><\/p>\n\n\n\n<p><\/p>\n","protected":false},"excerpt":{"rendered":"<p>D\u00favidas frequentes s\u00e3o: D\u00favida frequentes s\u00e3o sobre; os produtos da loja s\u00e3o exclusivos? Sim, todas as pe\u00e7as oferecidas em nossa [&hellip;]<\/p>\n","protected":false},"author":1,"featured_media":0,"parent":0,"menu_order":0,"comment_status":"closed","ping_status":"closed","template":"","meta":{"site-sidebar-layout":"default","site-content-layout":"","ast-site-content-layout":"default","site-content-style":"default","site-sidebar-style":"default","ast-global-header-display":"","ast-banner-title-visibility":"","ast-main-header-display":"","ast-hfb-above-header-display":"","ast-hfb-below-header-display":"","ast-hfb-mobile-header-display":"","site-post-title":"","ast-breadcrumbs-content":"","ast-featured-img":"","footer-sml-layout":"","ast-disable-related-posts":"","theme-transparent-header-meta":"","adv-header-id-meta":"","stick-header-meta":"","header-above-stick-meta":"","header-main-stick-meta":"","header-below-stick-meta":"","astra-migrate-meta-layouts":"default","ast-page-background-enabled":"default","ast-page-background-meta":{"desktop":{"background-color":"var(--ast-global-color-4)","background-image":"","background-repeat":"repeat","background-position":"center center","background-size":"auto","background-attachment":"scroll","background-type":"","background-media":"","overlay-type":"","overlay-color":"","overlay-opacity":"","overlay-gradient":""},"tablet":{"background-color":"","background-image":"","background-repeat":"repeat","background-position":"center center","background-size":"auto","background-attachment":"scroll","background-type":"","background-media":"","overlay-type":"","overlay-color":"","overlay-opacity":"","overlay-gradient":""},"mobile":{"background-color":"","background-image":"","background-repeat":"repeat","background-position":"center center","background-size":"auto","background-attachment":"scroll","background-type":"","background-media":"","overlay-type":"","overlay-color":"","overlay-opacity":"","overlay-gradient":""}},"ast-content-background-meta":{"desktop":{"background-color":"var(--ast-global-color-5)","background-image":"","background-repeat":"repeat","background-position":"center center","background-size":"auto","background-attachment":"scroll","background-type":"","background-media":"","overlay-type":"","overlay-color":"","overlay-opacity":"","overlay-gradient":""},"tablet":{"background-color":"var(--ast-global-color-5)","background-image":"","background-repeat":"repeat","background-position":"center center","background-size":"auto","background-attachment":"scroll","background-type":"","background-media":"","overlay-type":"","overlay-color":"","overlay-opacity":"","overlay-gradient":""},"mobile":{"background-color":"var(--ast-global-color-5)","background-image":"","background-repeat":"repeat","background-position":"center center","background-size":"auto","background-attachment":"scroll","background-type":"","background-media":"","overlay-type":"","overlay-color":"","overlay-opacity":"","overlay-gradient":""}},"footnotes":""},"class_list":["post-147","page","type-page","status-publish","hentry"],"yoast_head":"<!-- This site is optimized with the Yoast SEO plugin v25.3 - https:\/\/yoast.com\/wordpress\/plugins\/seo\/ -->\n<title>D\u00favidas Frequentes - Mondri Sports<\/title>\n<meta name=\"description\" content=\"Encontre respostas para as perguntas mais comuns sobre nossos produtos e servi\u00e7os. Visite nossa p\u00e1gina de D\u00favidas Frequentes.\" \/>\n<meta name=\"robots\" content=\"index, follow, max-snippet:-1, max-image-preview:large, max-video-preview:-1\" \/>\n<link rel=\"canonical\" href=\"https:\/\/mondrisports.com.br\/home\/duvidas-frequentes\/\" \/>\n<meta property=\"og:locale\" content=\"pt_BR\" \/>\n<meta property=\"og:type\" content=\"article\" \/>\n<meta property=\"og:title\" content=\"D\u00favidas Frequentes - Mondri Sports\" \/>\n<meta property=\"og:description\" content=\"Encontre respostas para as perguntas mais comuns sobre nossos produtos e servi\u00e7os. Visite nossa p\u00e1gina de D\u00favidas Frequentes.\" \/>\n<meta property=\"og:url\" content=\"https:\/\/mondrisports.com.br\/home\/duvidas-frequentes\/\" \/>\n<meta property=\"og:site_name\" content=\"Mondri Sports\" \/>\n<meta property=\"article:modified_time\" content=\"2024-10-24T17:54:16+00:00\" \/>\n<meta property=\"og:image\" content=\"https:\/\/mondrisports.com.br\/wordpress\/wp-content\/uploads\/2024\/10\/mondri-sports-38.jpg\" \/>\n<meta name=\"twitter:card\" content=\"summary_large_image\" \/>\n<meta name=\"twitter:label1\" content=\"Est. tempo de leitura\" \/>\n\t<meta name=\"twitter:data1\" content=\"4 minutos\" \/>\n<script type=\"application\/ld+json\" class=\"yoast-schema-graph\">{\"@context\":\"https:\/\/schema.org\",\"@graph\":[{\"@type\":\"WebPage\",\"@id\":\"https:\/\/mondrisports.com.br\/home\/duvidas-frequentes\/\",\"url\":\"https:\/\/mondrisports.com.br\/home\/duvidas-frequentes\/\",\"name\":\"D\u00favidas Frequentes - Mondri Sports\",\"isPartOf\":{\"@id\":\"https:\/\/mondrisports.com.br\/home\/#website\"},\"primaryImageOfPage\":{\"@id\":\"https:\/\/mondrisports.com.br\/home\/duvidas-frequentes\/#primaryimage\"},\"image\":{\"@id\":\"https:\/\/mondrisports.com.br\/home\/duvidas-frequentes\/#primaryimage\"},\"thumbnailUrl\":\"https:\/\/mondrisports.com.br\/wordpress\/wp-content\/uploads\/2024\/10\/mondri-sports-38.jpg\",\"datePublished\":\"2024-10-22T18:33:58+00:00\",\"dateModified\":\"2024-10-24T17:54:16+00:00\",\"description\":\"Encontre respostas para as perguntas mais comuns sobre nossos produtos e servi\u00e7os. Visite nossa p\u00e1gina de D\u00favidas Frequentes.\",\"breadcrumb\":{\"@id\":\"https:\/\/mondrisports.com.br\/home\/duvidas-frequentes\/#breadcrumb\"},\"inLanguage\":\"pt-BR\",\"potentialAction\":[{\"@type\":\"ReadAction\",\"target\":[\"https:\/\/mondrisports.com.br\/home\/duvidas-frequentes\/\"]}]},{\"@type\":\"ImageObject\",\"inLanguage\":\"pt-BR\",\"@id\":\"https:\/\/mondrisports.com.br\/home\/duvidas-frequentes\/#primaryimage\",\"url\":\"https:\/\/mondrisports.com.br\/wordpress\/wp-content\/uploads\/2024\/10\/mondri-sports-38.jpg\",\"contentUrl\":\"https:\/\/mondrisports.com.br\/wordpress\/wp-content\/uploads\/2024\/10\/mondri-sports-38.jpg\"},{\"@type\":\"BreadcrumbList\",\"@id\":\"https:\/\/mondrisports.com.br\/home\/duvidas-frequentes\/#breadcrumb\",\"itemListElement\":[{\"@type\":\"ListItem\",\"position\":1,\"name\":\"In\u00edcio\",\"item\":\"https:\/\/mondrisports.com.br\/home\/\"},{\"@type\":\"ListItem\",\"position\":2,\"name\":\"D\u00favidas Frequentes\"}]},{\"@type\":\"WebSite\",\"@id\":\"https:\/\/mondrisports.com.br\/home\/#website\",\"url\":\"https:\/\/mondrisports.com.br\/home\/\",\"name\":\"Mondri Sports\",\"description\":\"Uniformes Esportivos Personalizados\",\"publisher\":{\"@id\":\"https:\/\/mondrisports.com.br\/home\/#organization\"},\"potentialAction\":[{\"@type\":\"SearchAction\",\"target\":{\"@type\":\"EntryPoint\",\"urlTemplate\":\"https:\/\/mondrisports.com.br\/home\/?s={search_term_string}\"},\"query-input\":{\"@type\":\"PropertyValueSpecification\",\"valueRequired\":true,\"valueName\":\"search_term_string\"}}],\"inLanguage\":\"pt-BR\"},{\"@type\":\"Organization\",\"@id\":\"https:\/\/mondrisports.com.br\/home\/#organization\",\"name\":\"Mondri Sports\",\"url\":\"https:\/\/mondrisports.com.br\/home\/\",\"logo\":{\"@type\":\"ImageObject\",\"inLanguage\":\"pt-BR\",\"@id\":\"https:\/\/mondrisports.com.br\/home\/#\/schema\/logo\/image\/\",\"url\":\"https:\/\/mondrisports.com.br\/home\/wp-content\/uploads\/2024\/10\/cropped-cropped-Design-sem-nome-16.png\",\"contentUrl\":\"https:\/\/mondrisports.com.br\/home\/wp-content\/uploads\/2024\/10\/cropped-cropped-Design-sem-nome-16.png\",\"width\":1077,\"height\":358,\"caption\":\"Mondri Sports\"},\"image\":{\"@id\":\"https:\/\/mondrisports.com.br\/home\/#\/schema\/logo\/image\/\"}}]}<\/script>\n<!-- \/ Yoast SEO plugin. -->","yoast_head_json":{"title":"D\u00favidas Frequentes - Mondri Sports","description":"Encontre respostas para as perguntas mais comuns sobre nossos produtos e servi\u00e7os. Visite nossa p\u00e1gina de D\u00favidas Frequentes.","robots":{"index":"index","follow":"follow","max-snippet":"max-snippet:-1","max-image-preview":"max-image-preview:large","max-video-preview":"max-video-preview:-1"},"canonical":"https:\/\/mondrisports.com.br\/home\/duvidas-frequentes\/","og_locale":"pt_BR","og_type":"article","og_title":"D\u00favidas Frequentes - Mondri Sports","og_description":"Encontre respostas para as perguntas mais comuns sobre nossos produtos e servi\u00e7os. Visite nossa p\u00e1gina de D\u00favidas Frequentes.","og_url":"https:\/\/mondrisports.com.br\/home\/duvidas-frequentes\/","og_site_name":"Mondri Sports","article_modified_time":"2024-10-24T17:54:16+00:00","og_image":[{"url":"https:\/\/mondrisports.com.br\/wordpress\/wp-content\/uploads\/2024\/10\/mondri-sports-38.jpg","type":"","width":"","height":""}],"twitter_card":"summary_large_image","twitter_misc":{"Est. tempo de leitura":"4 minutos"},"schema":{"@context":"https:\/\/schema.org","@graph":[{"@type":"WebPage","@id":"https:\/\/mondrisports.com.br\/home\/duvidas-frequentes\/","url":"https:\/\/mondrisports.com.br\/home\/duvidas-frequentes\/","name":"D\u00favidas Frequentes - Mondri Sports","isPartOf":{"@id":"https:\/\/mondrisports.com.br\/home\/#website"},"primaryImageOfPage":{"@id":"https:\/\/mondrisports.com.br\/home\/duvidas-frequentes\/#primaryimage"},"image":{"@id":"https:\/\/mondrisports.com.br\/home\/duvidas-frequentes\/#primaryimage"},"thumbnailUrl":"https:\/\/mondrisports.com.br\/wordpress\/wp-content\/uploads\/2024\/10\/mondri-sports-38.jpg","datePublished":"2024-10-22T18:33:58+00:00","dateModified":"2024-10-24T17:54:16+00:00","description":"Encontre respostas para as perguntas mais comuns sobre nossos produtos e servi\u00e7os. Visite nossa p\u00e1gina de D\u00favidas Frequentes.","breadcrumb":{"@id":"https:\/\/mondrisports.com.br\/home\/duvidas-frequentes\/#breadcrumb"},"inLanguage":"pt-BR","potentialAction":[{"@type":"ReadAction","target":["https:\/\/mondrisports.com.br\/home\/duvidas-frequentes\/"]}]},{"@type":"ImageObject","inLanguage":"pt-BR","@id":"https:\/\/mondrisports.com.br\/home\/duvidas-frequentes\/#primaryimage","url":"https:\/\/mondrisports.com.br\/wordpress\/wp-content\/uploads\/2024\/10\/mondri-sports-38.jpg","contentUrl":"https:\/\/mondrisports.com.br\/wordpress\/wp-content\/uploads\/2024\/10\/mondri-sports-38.jpg"},{"@type":"BreadcrumbList","@id":"https:\/\/mondrisports.com.br\/home\/duvidas-frequentes\/#breadcrumb","itemListElement":[{"@type":"ListItem","position":1,"name":"In\u00edcio","item":"https:\/\/mondrisports.com.br\/home\/"},{"@type":"ListItem","position":2,"name":"D\u00favidas Frequentes"}]},{"@type":"WebSite","@id":"https:\/\/mondrisports.com.br\/home\/#website","url":"https:\/\/mondrisports.com.br\/home\/","name":"Mondri Sports","description":"Uniformes Esportivos Personalizados","publisher":{"@id":"https:\/\/mondrisports.com.br\/home\/#organization"},"potentialAction":[{"@type":"SearchAction","target":{"@type":"EntryPoint","urlTemplate":"https:\/\/mondrisports.com.br\/home\/?s={search_term_string}"},"query-input":{"@type":"PropertyValueSpecification","valueRequired":true,"valueName":"search_term_string"}}],"inLanguage":"pt-BR"},{"@type":"Organization","@id":"https:\/\/mondrisports.com.br\/home\/#organization","name":"Mondri Sports","url":"https:\/\/mondrisports.com.br\/home\/","logo":{"@type":"ImageObject","inLanguage":"pt-BR","@id":"https:\/\/mondrisports.com.br\/home\/#\/schema\/logo\/image\/","url":"https:\/\/mondrisports.com.br\/home\/wp-content\/uploads\/2024\/10\/cropped-cropped-Design-sem-nome-16.png","contentUrl":"https:\/\/mondrisports.com.br\/home\/wp-content\/uploads\/2024\/10\/cropped-cropped-Design-sem-nome-16.png","width":1077,"height":358,"caption":"Mondri Sports"},"image":{"@id":"https:\/\/mondrisports.com.br\/home\/#\/schema\/logo\/image\/"}}]}},"_links":{"self":[{"href":"https:\/\/mondrisports.com.br\/home\/wp-json\/wp\/v2\/pages\/147","targetHints":{"allow":["GET"]}}],"collection":[{"href":"https:\/\/mondrisports.com.br\/home\/wp-json\/wp\/v2\/pages"}],"about":[{"href":"https:\/\/mondrisports.com.br\/home\/wp-json\/wp\/v2\/types\/page"}],"author":[{"embeddable":true,"href":"https:\/\/mondrisports.com.br\/home\/wp-json\/wp\/v2\/users\/1"}],"replies":[{"embeddable":true,"href":"https:\/\/mondrisports.com.br\/home\/wp-json\/wp\/v2\/comments?post=147"}],"version-history":[{"count":22,"href":"https:\/\/mondrisports.com.br\/home\/wp-json\/wp\/v2\/pages\/147\/revisions"}],"predecessor-version":[{"id":333,"href":"https:\/\/mondrisports.com.br\/home\/wp-json\/wp\/v2\/pages\/147\/revisions\/333"}],"wp:attachment":[{"href":"https:\/\/mondrisports.com.br\/home\/wp-json\/wp\/v2\/media?parent=147"}],"curies":[{"name":"wp","href":"https:\/\/api.w.org\/{rel}","templated":true}]}}