{"id":504,"date":"2025-04-23T20:48:05","date_gmt":"2025-04-23T20:48:05","guid":{"rendered":"https:\/\/mondrisports.com.br\/home\/?page_id=504"},"modified":"2025-04-30T14:17:12","modified_gmt":"2025-04-30T17:17:12","slug":"uniforme-beach-tennis","status":"publish","type":"page","link":"https:\/\/mondrisports.com.br\/home\/uniforme-beach-tennis\/","title":{"rendered":"Uniforme Beach Tennis"},"content":{"rendered":"\n<div style=\"height:80px\" aria-hidden=\"true\" class=\"wp-block-spacer\"><\/div>\n\n\n\n<h2 class=\"wp-block-heading has-text-align-center has-ast-global-color-8-color has-text-color has-link-color wp-elements-eb567ca14ca325d4c4c3a5a9028bfe73\">Uniforme de Beach Tennis Personalizado <br>Liberdade, Estilo e Alta Performance na Areia<\/h2>\n\n\n\n<div style=\"height:80px\" aria-hidden=\"true\" class=\"wp-block-spacer\"><\/div>\n\n\n\n<h2 class=\"wp-block-heading has-ast-global-color-8-color has-text-color has-link-color wp-elements-83de4d112befe1bca4a34403ec726565\"><strong>Uniformes Leves e Personalizados para a Pr\u00e1tica de Beach Tennis<\/strong><\/h2>\n\n\n\n<p class=\"has-ast-global-color-8-color has-text-color has-link-color wp-elements-0396fe9d2e81aa9c858bfcab323df26d\">O uniforme \u00e9 parte da performance. Precisa ser leve, confort\u00e1vel e refletir o estilo da equipe ou evento. Desenvolvemos <strong>uniformes personalizados para beach tennis<\/strong> com tecido suplex e design exclusivo \u2014 ideais para atletas, duplas, academias e torneios.<\/p>\n\n\n\n<h2 class=\"wp-block-heading has-ast-global-color-8-color has-text-color has-link-color wp-elements-0e181ab5eef96291654909edda025941\"><strong>O Que Est\u00e1 Incluso no Uniforme<\/strong><\/h2>\n\n\n\n<ul class=\"wp-block-list\">\n<li class=\"has-ast-global-color-8-color has-text-color has-link-color wp-elements-faae32cec112adce7c5b555913dc31f9\">Layout exclusivo incluso no or\u00e7amento<\/li>\n<\/ul>\n\n\n\n<ul class=\"wp-block-list\">\n<li class=\"has-ast-global-color-8-color has-text-color has-link-color wp-elements-24bd171444c5195ffee31a2735e8e55f\">Camiseta ou regata personalizada em suplex<\/li>\n<\/ul>\n\n\n\n<ul class=\"wp-block-list\">\n<li class=\"has-ast-global-color-8-color has-text-color has-link-color wp-elements-7f0804fb24af4cd9acf2e0d950efe5f8\"><strong>Short saia esportiva<\/strong> com ajuste anat\u00f4mico e confort\u00e1vel<\/li>\n<\/ul>\n\n\n\n<ul class=\"wp-block-list\">\n<li class=\"has-ast-global-color-8-color has-text-color has-link-color wp-elements-277a4f2cd19383fed058d4f99d41dea8\">Estampa em sublima\u00e7\u00e3o total (cores vivas e dur\u00e1veis)<\/li>\n<\/ul>\n\n\n\n<ul class=\"wp-block-list\">\n<li class=\"has-ast-global-color-8-color has-text-color has-link-color wp-elements-c5b852fc427dff21602c11274d34fa5b\">Nome, n\u00famero e logotipo da equipe, se desejado<\/li>\n<\/ul>\n\n\n\n<h2 class=\"wp-block-heading has-black-color has-text-color has-link-color wp-elements-1137c583e30c4587c4c8b71cfb894d5f\"><strong>Suplex: Tecido Ideal para a Pr\u00e1tica Esportiva na Areia<\/strong><\/h2>\n\n\n\n<ul class=\"wp-block-list\">\n<li class=\"has-ast-global-color-8-color has-text-color has-link-color wp-elements-76cb10fdbb9d75343554c957b44b876a\">Tecido el\u00e1stico e com compress\u00e3o leve<\/li>\n\n\n\n<li class=\"has-ast-global-color-8-color has-text-color has-link-color wp-elements-13a58968ee40edc7d70fb37216b17a75\">Toque suave e ajuste ao corpo com conforto<\/li>\n\n\n\n<li class=\"has-ast-global-color-8-color has-text-color has-link-color wp-elements-8ff0a39c14c63e3bbc178a7133d0c0b2\">Alta respirabilidade e secagem r\u00e1pida<\/li>\n\n\n\n<li class=\"has-ast-global-color-8-color has-text-color has-link-color wp-elements-cad4dd2386c58f62177238fd6f067e4d\">Ideal para movimentos amplos e intensos sob o sol<\/li>\n<\/ul>\n\n\n\n<h2 class=\"wp-block-heading has-ast-global-color-8-color has-text-color has-link-color wp-elements-e160441960356b0941fbd4ace797b22b\"><strong>Para Quem \u00c9 Indicado<\/strong><\/h2>\n\n\n\n<ul class=\"wp-block-list\">\n<li class=\"has-ast-global-color-8-color has-text-color has-link-color wp-elements-e94768036ceda672f08e0d551633654d\">Duplas e atletas de beach tennis<\/li>\n\n\n\n<li class=\"has-ast-global-color-8-color has-text-color has-link-color wp-elements-1d6892e1a41f17d8d19c4a5e6c2bf7f3\">Academias, clubes e escolinhas<\/li>\n\n\n\n<li class=\"has-ast-global-color-8-color has-text-color has-link-color wp-elements-229eb74735f1d17bef8c15b79b1a91e9\">Organizadores de campeonatos e eventos corporativos<\/li>\n\n\n\n<li class=\"has-ast-global-color-8-color has-text-color has-link-color wp-elements-fddcb55e3d3f6bb0f8c001666bb335a4\">Projetos sociais e esportivos de ver\u00e3o<\/li>\n<\/ul>\n\n\n\n<h2 class=\"wp-block-heading has-ast-global-color-8-color has-text-color has-link-color wp-elements-b53b1dc17817899edd47ca734e9770a7\"><strong>Solicite Seu Or\u00e7amento<\/strong><\/h2>\n\n\n\n<p class=\"has-ast-global-color-8-color has-text-color has-link-color wp-elements-988895577d69dc32730332e45c634f26\">Conte com atendimento r\u00e1pido e personalizado. Envie sua ideia, aprove o layout e receba seus uniformes em qualquer lugar do Brasil.<\/p>\n\n\n\n<div class=\"wp-block-buttons is-layout-flex wp-block-buttons-is-layout-flex\">\n<div class=\"wp-block-button\"><a class=\"wp-block-button__link has-cyan-bluish-gray-background-color has-background wp-element-button\" href=\"http:\/\/wa.me\/554133326052\">Solicitar Or\u00e7amento<\/a><\/div>\n<\/div>\n\n\n\n<figure class=\"wp-block-gallery has-nested-images columns-default is-cropped wp-block-gallery-1 is-layout-flex wp-block-gallery-is-layout-flex\">\n<figure class=\"wp-block-image size-large\"><img loading=\"lazy\" decoding=\"async\" width=\"1000\" height=\"1000\" data-id=\"710\" src=\"https:\/\/mondrisports.com.br\/home\/wp-content\/uploads\/2025\/04\/BEACH-TENNIS-FEMININO.jpg\" alt=\"\" class=\"wp-image-710\" srcset=\"https:\/\/mondrisports.com.br\/home\/wp-content\/uploads\/2025\/04\/BEACH-TENNIS-FEMININO.jpg 1000w, https:\/\/mondrisports.com.br\/home\/wp-content\/uploads\/2025\/04\/BEACH-TENNIS-FEMININO-300x300.jpg 300w, https:\/\/mondrisports.com.br\/home\/wp-content\/uploads\/2025\/04\/BEACH-TENNIS-FEMININO-150x150.jpg 150w, https:\/\/mondrisports.com.br\/home\/wp-content\/uploads\/2025\/04\/BEACH-TENNIS-FEMININO-768x768.jpg 768w\" sizes=\"auto, (max-width: 1000px) 100vw, 1000px\" \/><figcaption class=\"wp-element-caption\">Uniforme de Beach Tennis<\/figcaption><\/figure>\n\n\n\n<figure class=\"wp-block-image size-large\"><img loading=\"lazy\" decoding=\"async\" width=\"1000\" height=\"1000\" data-id=\"711\" src=\"https:\/\/mondrisports.com.br\/home\/wp-content\/uploads\/2025\/04\/BEACH-TENNIS-1.jpg\" alt=\"\" class=\"wp-image-711\" srcset=\"https:\/\/mondrisports.com.br\/home\/wp-content\/uploads\/2025\/04\/BEACH-TENNIS-1.jpg 1000w, https:\/\/mondrisports.com.br\/home\/wp-content\/uploads\/2025\/04\/BEACH-TENNIS-1-300x300.jpg 300w, https:\/\/mondrisports.com.br\/home\/wp-content\/uploads\/2025\/04\/BEACH-TENNIS-1-150x150.jpg 150w, https:\/\/mondrisports.com.br\/home\/wp-content\/uploads\/2025\/04\/BEACH-TENNIS-1-768x768.jpg 768w\" sizes=\"auto, (max-width: 1000px) 100vw, 1000px\" \/><figcaption class=\"wp-element-caption\">Beach Tennis Personalizado<\/figcaption><\/figure>\n\n\n\n<figure class=\"wp-block-image size-large\"><img loading=\"lazy\" decoding=\"async\" width=\"1000\" height=\"1000\" data-id=\"712\" src=\"https:\/\/mondrisports.com.br\/home\/wp-content\/uploads\/2025\/04\/BEACH-TENNIS-MASCULINO.jpg\" alt=\"\" class=\"wp-image-712\" srcset=\"https:\/\/mondrisports.com.br\/home\/wp-content\/uploads\/2025\/04\/BEACH-TENNIS-MASCULINO.jpg 1000w, https:\/\/mondrisports.com.br\/home\/wp-content\/uploads\/2025\/04\/BEACH-TENNIS-MASCULINO-300x300.jpg 300w, https:\/\/mondrisports.com.br\/home\/wp-content\/uploads\/2025\/04\/BEACH-TENNIS-MASCULINO-150x150.jpg 150w, https:\/\/mondrisports.com.br\/home\/wp-content\/uploads\/2025\/04\/BEACH-TENNIS-MASCULINO-768x768.jpg 768w\" sizes=\"auto, (max-width: 1000px) 100vw, 1000px\" \/><figcaption class=\"wp-element-caption\">Uniforme Personalizado Beach Tennis<\/figcaption><\/figure>\n<\/figure>\n\n\n\n<p class=\"has-ast-global-color-8-color has-text-color has-link-color wp-elements-19668524103737ea786150848bd20aa5\"><strong>Quer saber Quem Somos? <a href=\"https:\/\/mondrisports.com.br\/home\/index.php\/quem-somos\/\">Clique aqui.<\/a><\/strong><\/p>\n","protected":false},"excerpt":{"rendered":"<p>Uniforme de Beach Tennis Personalizado Liberdade, Estilo e Alta Performance na Areia Uniformes Leves e Personalizados para a Pr\u00e1tica de [&hellip;]<\/p>\n","protected":false},"author":1,"featured_media":0,"parent":0,"menu_order":0,"comment_status":"closed","ping_status":"closed","template":"","meta":{"site-sidebar-layout":"default","site-content-layout":"","ast-site-content-layout":"","site-content-style":"default","site-sidebar-style":"default","ast-global-header-display":"","ast-banner-title-visibility":"","ast-main-header-display":"","ast-hfb-above-header-display":"","ast-hfb-below-header-display":"","ast-hfb-mobile-header-display":"","site-post-title":"disabled","ast-breadcrumbs-content":"","ast-featured-img":"","footer-sml-layout":"","ast-disable-related-posts":"","theme-transparent-header-meta":"","adv-header-id-meta":"","stick-header-meta":"","header-above-stick-meta":"","header-main-stick-meta":"","header-below-stick-meta":"","astra-migrate-meta-layouts":"default","ast-page-background-enabled":"default","ast-page-background-meta":{"desktop":{"background-color":"var(--ast-global-color-4)","background-image":"","background-repeat":"repeat","background-position":"center center","background-size":"auto","background-attachment":"scroll","background-type":"","background-media":"","overlay-type":"","overlay-color":"","overlay-opacity":"","overlay-gradient":""},"tablet":{"background-color":"","background-image":"","background-repeat":"repeat","background-position":"center center","background-size":"auto","background-attachment":"scroll","background-type":"","background-media":"","overlay-type":"","overlay-color":"","overlay-opacity":"","overlay-gradient":""},"mobile":{"background-color":"","background-image":"","background-repeat":"repeat","background-position":"center center","background-size":"auto","background-attachment":"scroll","background-type":"","background-media":"","overlay-type":"","overlay-color":"","overlay-opacity":"","overlay-gradient":""}},"ast-content-background-meta":{"desktop":{"background-color":"var(--ast-global-color-5)","background-image":"","background-repeat":"repeat","background-position":"center center","background-size":"auto","background-attachment":"scroll","background-type":"","background-media":"","overlay-type":"","overlay-color":"","overlay-opacity":"","overlay-gradient":""},"tablet":{"background-color":"var(--ast-global-color-5)","background-image":"","background-repeat":"repeat","background-position":"center center","background-size":"auto","background-attachment":"scroll","background-type":"","background-media":"","overlay-type":"","overlay-color":"","overlay-opacity":"","overlay-gradient":""},"mobile":{"background-color":"var(--ast-global-color-5)","background-image":"","background-repeat":"repeat","background-position":"center center","background-size":"auto","background-attachment":"scroll","background-type":"","background-media":"","overlay-type":"","overlay-color":"","overlay-opacity":"","overlay-gradient":""}},"footnotes":""},"class_list":["post-504","page","type-page","status-publish","hentry"],"yoast_head":"<!-- This site is optimized with the Yoast SEO plugin v25.3 - https:\/\/yoast.com\/wordpress\/plugins\/seo\/ -->\n<title>Uniforme Beach Tennis - Mondri Sports<\/title>\n<meta name=\"description\" content=\"Uniforme de beach tennis personalizado em suplex com short saia. Ideal para duplas, clubes e eventos. Produ\u00e7\u00e3o sob medida.\" \/>\n<meta name=\"robots\" content=\"index, follow, max-snippet:-1, max-image-preview:large, max-video-preview:-1\" \/>\n<link rel=\"canonical\" href=\"https:\/\/mondrisports.com.br\/home\/uniforme-beach-tennis\/\" \/>\n<meta property=\"og:locale\" content=\"pt_BR\" \/>\n<meta property=\"og:type\" content=\"article\" \/>\n<meta property=\"og:title\" content=\"Uniforme Beach Tennis - Mondri Sports\" \/>\n<meta property=\"og:description\" content=\"Uniforme de beach tennis personalizado em suplex com short saia. Ideal para duplas, clubes e eventos. Produ\u00e7\u00e3o sob medida.\" \/>\n<meta property=\"og:url\" content=\"https:\/\/mondrisports.com.br\/home\/uniforme-beach-tennis\/\" \/>\n<meta property=\"og:site_name\" content=\"Mondri Sports\" \/>\n<meta property=\"article:modified_time\" content=\"2025-04-30T17:17:12+00:00\" \/>\n<meta property=\"og:image\" content=\"https:\/\/mondrisports.com.br\/home\/wp-content\/uploads\/2025\/04\/BEACH-TENNIS-FEMININO.jpg\" \/>\n\t<meta property=\"og:image:width\" content=\"1000\" \/>\n\t<meta property=\"og:image:height\" content=\"1000\" \/>\n\t<meta property=\"og:image:type\" content=\"image\/jpeg\" \/>\n<meta name=\"twitter:card\" content=\"summary_large_image\" \/>\n<meta name=\"twitter:label1\" content=\"Est. tempo de leitura\" \/>\n\t<meta name=\"twitter:data1\" content=\"2 minutos\" \/>\n<script type=\"application\/ld+json\" class=\"yoast-schema-graph\">{\"@context\":\"https:\/\/schema.org\",\"@graph\":[{\"@type\":\"WebPage\",\"@id\":\"https:\/\/mondrisports.com.br\/home\/uniforme-beach-tennis\/\",\"url\":\"https:\/\/mondrisports.com.br\/home\/uniforme-beach-tennis\/\",\"name\":\"Uniforme Beach Tennis - Mondri Sports\",\"isPartOf\":{\"@id\":\"https:\/\/mondrisports.com.br\/home\/#website\"},\"primaryImageOfPage\":{\"@id\":\"https:\/\/mondrisports.com.br\/home\/uniforme-beach-tennis\/#primaryimage\"},\"image\":{\"@id\":\"https:\/\/mondrisports.com.br\/home\/uniforme-beach-tennis\/#primaryimage\"},\"thumbnailUrl\":\"https:\/\/mondrisports.com.br\/home\/wp-content\/uploads\/2025\/04\/BEACH-TENNIS-FEMININO.jpg\",\"datePublished\":\"2025-04-23T20:48:05+00:00\",\"dateModified\":\"2025-04-30T17:17:12+00:00\",\"description\":\"Uniforme de beach tennis personalizado em suplex com short saia. Ideal para duplas, clubes e eventos. Produ\u00e7\u00e3o sob medida.\",\"breadcrumb\":{\"@id\":\"https:\/\/mondrisports.com.br\/home\/uniforme-beach-tennis\/#breadcrumb\"},\"inLanguage\":\"pt-BR\",\"potentialAction\":[{\"@type\":\"ReadAction\",\"target\":[\"https:\/\/mondrisports.com.br\/home\/uniforme-beach-tennis\/\"]}]},{\"@type\":\"ImageObject\",\"inLanguage\":\"pt-BR\",\"@id\":\"https:\/\/mondrisports.com.br\/home\/uniforme-beach-tennis\/#primaryimage\",\"url\":\"https:\/\/mondrisports.com.br\/home\/wp-content\/uploads\/2025\/04\/BEACH-TENNIS-FEMININO.jpg\",\"contentUrl\":\"https:\/\/mondrisports.com.br\/home\/wp-content\/uploads\/2025\/04\/BEACH-TENNIS-FEMININO.jpg\",\"width\":1000,\"height\":1000,\"caption\":\"Uniforme de Beach Tennis\"},{\"@type\":\"BreadcrumbList\",\"@id\":\"https:\/\/mondrisports.com.br\/home\/uniforme-beach-tennis\/#breadcrumb\",\"itemListElement\":[{\"@type\":\"ListItem\",\"position\":1,\"name\":\"In\u00edcio\",\"item\":\"https:\/\/mondrisports.com.br\/home\/\"},{\"@type\":\"ListItem\",\"position\":2,\"name\":\"Uniforme Beach Tennis\"}]},{\"@type\":\"WebSite\",\"@id\":\"https:\/\/mondrisports.com.br\/home\/#website\",\"url\":\"https:\/\/mondrisports.com.br\/home\/\",\"name\":\"Mondri Sports\",\"description\":\"Uniformes Esportivos Personalizados\",\"publisher\":{\"@id\":\"https:\/\/mondrisports.com.br\/home\/#organization\"},\"potentialAction\":[{\"@type\":\"SearchAction\",\"target\":{\"@type\":\"EntryPoint\",\"urlTemplate\":\"https:\/\/mondrisports.com.br\/home\/?s={search_term_string}\"},\"query-input\":{\"@type\":\"PropertyValueSpecification\",\"valueRequired\":true,\"valueName\":\"search_term_string\"}}],\"inLanguage\":\"pt-BR\"},{\"@type\":\"Organization\",\"@id\":\"https:\/\/mondrisports.com.br\/home\/#organization\",\"name\":\"Mondri Sports\",\"url\":\"https:\/\/mondrisports.com.br\/home\/\",\"logo\":{\"@type\":\"ImageObject\",\"inLanguage\":\"pt-BR\",\"@id\":\"https:\/\/mondrisports.com.br\/home\/#\/schema\/logo\/image\/\",\"url\":\"https:\/\/mondrisports.com.br\/home\/wp-content\/uploads\/2024\/10\/cropped-cropped-Design-sem-nome-16.png\",\"contentUrl\":\"https:\/\/mondrisports.com.br\/home\/wp-content\/uploads\/2024\/10\/cropped-cropped-Design-sem-nome-16.png\",\"width\":1077,\"height\":358,\"caption\":\"Mondri Sports\"},\"image\":{\"@id\":\"https:\/\/mondrisports.com.br\/home\/#\/schema\/logo\/image\/\"}}]}<\/script>\n<!-- \/ Yoast SEO plugin. -->","yoast_head_json":{"title":"Uniforme Beach Tennis - Mondri Sports","description":"Uniforme de beach tennis personalizado em suplex com short saia. Ideal para duplas, clubes e eventos. Produ\u00e7\u00e3o sob medida.","robots":{"index":"index","follow":"follow","max-snippet":"max-snippet:-1","max-image-preview":"max-image-preview:large","max-video-preview":"max-video-preview:-1"},"canonical":"https:\/\/mondrisports.com.br\/home\/uniforme-beach-tennis\/","og_locale":"pt_BR","og_type":"article","og_title":"Uniforme Beach Tennis - Mondri Sports","og_description":"Uniforme de beach tennis personalizado em suplex com short saia. Ideal para duplas, clubes e eventos. Produ\u00e7\u00e3o sob medida.","og_url":"https:\/\/mondrisports.com.br\/home\/uniforme-beach-tennis\/","og_site_name":"Mondri Sports","article_modified_time":"2025-04-30T17:17:12+00:00","og_image":[{"width":1000,"height":1000,"url":"https:\/\/mondrisports.com.br\/home\/wp-content\/uploads\/2025\/04\/BEACH-TENNIS-FEMININO.jpg","type":"image\/jpeg"}],"twitter_card":"summary_large_image","twitter_misc":{"Est. tempo de leitura":"2 minutos"},"schema":{"@context":"https:\/\/schema.org","@graph":[{"@type":"WebPage","@id":"https:\/\/mondrisports.com.br\/home\/uniforme-beach-tennis\/","url":"https:\/\/mondrisports.com.br\/home\/uniforme-beach-tennis\/","name":"Uniforme Beach Tennis - Mondri Sports","isPartOf":{"@id":"https:\/\/mondrisports.com.br\/home\/#website"},"primaryImageOfPage":{"@id":"https:\/\/mondrisports.com.br\/home\/uniforme-beach-tennis\/#primaryimage"},"image":{"@id":"https:\/\/mondrisports.com.br\/home\/uniforme-beach-tennis\/#primaryimage"},"thumbnailUrl":"https:\/\/mondrisports.com.br\/home\/wp-content\/uploads\/2025\/04\/BEACH-TENNIS-FEMININO.jpg","datePublished":"2025-04-23T20:48:05+00:00","dateModified":"2025-04-30T17:17:12+00:00","description":"Uniforme de beach tennis personalizado em suplex com short saia. Ideal para duplas, clubes e eventos. Produ\u00e7\u00e3o sob medida.","breadcrumb":{"@id":"https:\/\/mondrisports.com.br\/home\/uniforme-beach-tennis\/#breadcrumb"},"inLanguage":"pt-BR","potentialAction":[{"@type":"ReadAction","target":["https:\/\/mondrisports.com.br\/home\/uniforme-beach-tennis\/"]}]},{"@type":"ImageObject","inLanguage":"pt-BR","@id":"https:\/\/mondrisports.com.br\/home\/uniforme-beach-tennis\/#primaryimage","url":"https:\/\/mondrisports.com.br\/home\/wp-content\/uploads\/2025\/04\/BEACH-TENNIS-FEMININO.jpg","contentUrl":"https:\/\/mondrisports.com.br\/home\/wp-content\/uploads\/2025\/04\/BEACH-TENNIS-FEMININO.jpg","width":1000,"height":1000,"caption":"Uniforme de Beach Tennis"},{"@type":"BreadcrumbList","@id":"https:\/\/mondrisports.com.br\/home\/uniforme-beach-tennis\/#breadcrumb","itemListElement":[{"@type":"ListItem","position":1,"name":"In\u00edcio","item":"https:\/\/mondrisports.com.br\/home\/"},{"@type":"ListItem","position":2,"name":"Uniforme Beach Tennis"}]},{"@type":"WebSite","@id":"https:\/\/mondrisports.com.br\/home\/#website","url":"https:\/\/mondrisports.com.br\/home\/","name":"Mondri Sports","description":"Uniformes Esportivos Personalizados","publisher":{"@id":"https:\/\/mondrisports.com.br\/home\/#organization"},"potentialAction":[{"@type":"SearchAction","target":{"@type":"EntryPoint","urlTemplate":"https:\/\/mondrisports.com.br\/home\/?s={search_term_string}"},"query-input":{"@type":"PropertyValueSpecification","valueRequired":true,"valueName":"search_term_string"}}],"inLanguage":"pt-BR"},{"@type":"Organization","@id":"https:\/\/mondrisports.com.br\/home\/#organization","name":"Mondri Sports","url":"https:\/\/mondrisports.com.br\/home\/","logo":{"@type":"ImageObject","inLanguage":"pt-BR","@id":"https:\/\/mondrisports.com.br\/home\/#\/schema\/logo\/image\/","url":"https:\/\/mondrisports.com.br\/home\/wp-content\/uploads\/2024\/10\/cropped-cropped-Design-sem-nome-16.png","contentUrl":"https:\/\/mondrisports.com.br\/home\/wp-content\/uploads\/2024\/10\/cropped-cropped-Design-sem-nome-16.png","width":1077,"height":358,"caption":"Mondri Sports"},"image":{"@id":"https:\/\/mondrisports.com.br\/home\/#\/schema\/logo\/image\/"}}]}},"_links":{"self":[{"href":"https:\/\/mondrisports.com.br\/home\/wp-json\/wp\/v2\/pages\/504","targetHints":{"allow":["GET"]}}],"collection":[{"href":"https:\/\/mondrisports.com.br\/home\/wp-json\/wp\/v2\/pages"}],"about":[{"href":"https:\/\/mondrisports.com.br\/home\/wp-json\/wp\/v2\/types\/page"}],"author":[{"embeddable":true,"href":"https:\/\/mondrisports.com.br\/home\/wp-json\/wp\/v2\/users\/1"}],"replies":[{"embeddable":true,"href":"https:\/\/mondrisports.com.br\/home\/wp-json\/wp\/v2\/comments?post=504"}],"version-history":[{"count":5,"href":"https:\/\/mondrisports.com.br\/home\/wp-json\/wp\/v2\/pages\/504\/revisions"}],"predecessor-version":[{"id":713,"href":"https:\/\/mondrisports.com.br\/home\/wp-json\/wp\/v2\/pages\/504\/revisions\/713"}],"wp:attachment":[{"href":"https:\/\/mondrisports.com.br\/home\/wp-json\/wp\/v2\/media?parent=504"}],"curies":[{"name":"wp","href":"https:\/\/api.w.org\/{rel}","templated":true}]}}